{"id":903,"date":"2021-07-13T20:52:13","date_gmt":"2021-07-13T20:52:13","guid":{"rendered":"https:\/\/ajudaki.net.br\/recsegg\/?page_id=903"},"modified":"2021-07-13T21:51:41","modified_gmt":"2021-07-13T21:51:41","slug":"informatica","status":"publish","type":"page","link":"https:\/\/recseg.com\/?page_id=903","title":{"rendered":"Inform\u00e1tica"},"content":{"rendered":"\t\t<div data-elementor-type=\"wp-page\" data-elementor-id=\"903\" class=\"elementor elementor-903\">\n\t\t\t\t\t\t\t\t\t<section class=\"elementor-section elementor-top-section elementor-element elementor-element-15a05e00 elementor-section-height-min-height elementor-section-content-top elementor-section-boxed elementor-section-height-default elementor-section-items-middle\" data-id=\"15a05e00\" data-element_type=\"section\" data-settings=\"{&quot;background_background&quot;:&quot;classic&quot;,&quot;_ha_eqh_enable&quot;:false}\">\n\t\t\t\t\t\t\t<div class=\"elementor-background-overlay\"><\/div>\n\t\t\t\t\t\t\t<div class=\"elementor-container elementor-column-gap-default\">\n\t\t\t\t\t<div class=\"elementor-column elementor-col-100 elementor-top-column elementor-element elementor-element-756fc8a6\" data-id=\"756fc8a6\" data-element_type=\"column\">\n\t\t\t<div class=\"elementor-widget-wrap\">\n\t\t\t\t\t\t\t\t\t<\/div>\n\t\t<\/div>\n\t\t\t\t\t\t\t<\/div>\n\t\t<\/section>\n\t\t\t\t<section class=\"elementor-section elementor-top-section elementor-element elementor-element-4d51c8ba elementor-section-boxed elementor-section-height-default elementor-section-height-default\" data-id=\"4d51c8ba\" data-element_type=\"section\" data-settings=\"{&quot;_ha_eqh_enable&quot;:false}\">\n\t\t\t\t\t\t<div class=\"elementor-container elementor-column-gap-default\">\n\t\t\t\t\t<div class=\"elementor-column elementor-col-100 elementor-top-column elementor-element elementor-element-34a711da\" data-id=\"34a711da\" data-element_type=\"column\" data-settings=\"{&quot;background_background&quot;:&quot;classic&quot;}\">\n\t\t\t<div class=\"elementor-widget-wrap elementor-element-populated\">\n\t\t\t\t\t\t\t\t<div class=\"elementor-element elementor-element-6f2f965a elementor-widget elementor-widget-theme-post-title elementor-page-title elementor-widget-heading\" data-id=\"6f2f965a\" data-element_type=\"widget\" data-widget_type=\"theme-post-title.default\">\n\t\t\t\t<div class=\"elementor-widget-container\">\n\t\t\t<h1 class=\"elementor-heading-title elementor-size-default\">Inform\u00e1tica<\/h1>\t\t<\/div>\n\t\t\t\t<\/div>\n\t\t\t\t<div class=\"elementor-element elementor-element-4ede0a42 elementor-widget-divider--view-line elementor-widget elementor-widget-divider\" data-id=\"4ede0a42\" data-element_type=\"widget\" data-widget_type=\"divider.default\">\n\t\t\t\t<div class=\"elementor-widget-container\">\n\t\t\t\t\t<div class=\"elementor-divider\">\n\t\t\t<span class=\"elementor-divider-separator\">\n\t\t\t\t\t\t<\/span>\n\t\t<\/div>\n\t\t\t\t<\/div>\n\t\t\t\t<\/div>\n\t\t\t\t<section class=\"elementor-section elementor-inner-section elementor-element elementor-element-76fce957 elementor-section-boxed elementor-section-height-default elementor-section-height-default\" data-id=\"76fce957\" data-element_type=\"section\" data-settings=\"{&quot;_ha_eqh_enable&quot;:false}\">\n\t\t\t\t\t\t<div class=\"elementor-container elementor-column-gap-default\">\n\t\t\t\t\t<div class=\"elementor-column elementor-col-50 elementor-inner-column elementor-element elementor-element-6dbaeeb8\" data-id=\"6dbaeeb8\" data-element_type=\"column\">\n\t\t\t<div class=\"elementor-widget-wrap elementor-element-populated\">\n\t\t\t\t\t\t\t\t<div class=\"elementor-element elementor-element-2bce41fb elementor-widget elementor-widget-image\" data-id=\"2bce41fb\" data-element_type=\"widget\" data-widget_type=\"image.default\">\n\t\t\t\t<div class=\"elementor-widget-container\">\n\t\t\t\t\t\t\t\t\t\t\t\t\t\t\t<img decoding=\"async\" src=\"https:\/\/recseg.com\/wp-content\/uploads\/elementor\/thumbs\/manut-1-pa2pivo6b3osp67v3h5x4umjt5y982en1jv4e7exhc.jpg\" title=\"manut\" alt=\"manut\" \/>\t\t\t\t\t\t\t\t\t\t\t\t\t\t\t<\/div>\n\t\t\t\t<\/div>\n\t\t\t\t\t<\/div>\n\t\t<\/div>\n\t\t\t\t<div class=\"elementor-column elementor-col-50 elementor-inner-column elementor-element elementor-element-27f874fd\" data-id=\"27f874fd\" data-element_type=\"column\">\n\t\t\t<div class=\"elementor-widget-wrap elementor-element-populated\">\n\t\t\t\t\t\t\t\t<div class=\"elementor-element elementor-element-64a22b9a elementor-widget elementor-widget-text-editor\" data-id=\"64a22b9a\" data-element_type=\"widget\" data-widget_type=\"text-editor.default\">\n\t\t\t\t<div class=\"elementor-widget-container\">\n\t\t\t\t\t\t\tComo n\u00e3o poderia deixar de ser, as tecnologias est\u00e3o \u00e0 nossa volta, praticamente em todos os setores.\n<br><br>\nPensando nisso, a REC tamb\u00e9m atua na \u00e1rea de inform\u00e1tica, proporcionando mais op\u00e7\u00f5es de servi\u00e7os.\n<br><br>\n\n<strong>Oferecemos os seguintes servi\u00e7os:<\/strong>\n\n<br><br>\n&#8211; Manuten\u00e7\u00e3o, reparo e montagem de computadores\nImplanta\u00e7\u00e3o de redes estruturadas.<br>\n\n&#8211; Configura\u00e7\u00e3o e\/ou manuten\u00e7\u00e3o de redes<br>\n\n&#8211; Formata\u00e7\u00e3o, instala\u00e7\u00e3o e configura\u00e7\u00e3o<br>\n\n&#8211; Remo\u00e7\u00e3o de v\u00edrus e limpeza de sistema<br>\t\t\t\t\t\t<\/div>\n\t\t\t\t<\/div>\n\t\t\t\t\t<\/div>\n\t\t<\/div>\n\t\t\t\t\t\t\t<\/div>\n\t\t<\/section>\n\t\t\t\t\t<\/div>\n\t\t<\/div>\n\t\t\t\t\t\t\t<\/div>\n\t\t<\/section>\n\t\t\t\t\t\t\t<\/div>\n\t\t","protected":false},"excerpt":{"rendered":"<p>Como n\u00e3o poderia deixar de ser, as tecnologias est\u00e3o \u00e0 nossa volta, praticamente em todos os setores. Pensando nisso, a REC tamb\u00e9m atua na \u00e1rea de inform\u00e1tica, proporcionando mais op\u00e7\u00f5es de servi\u00e7os. Oferecemos os seguintes servi\u00e7os: &#8211; Manuten\u00e7\u00e3o, reparo e montagem de computadores Implanta\u00e7\u00e3o de redes estruturadas. &#8211; Configura\u00e7\u00e3o e\/ou manuten\u00e7\u00e3o de redes &#8211; Formata\u00e7\u00e3o,&hellip; <a class=\"more-link\" href=\"https:\/\/recseg.com\/?page_id=903\">Continue a ler <span class=\"screen-reader-text\">Inform\u00e1tica<\/span><\/a><\/p>\n","protected":false},"author":1,"featured_media":0,"parent":0,"menu_order":0,"comment_status":"closed","ping_status":"closed","template":"elementor_header_footer","meta":{"footnotes":""},"class_list":["post-903","page","type-page","status-publish","hentry","entry"],"_links":{"self":[{"href":"https:\/\/recseg.com\/index.php?rest_route=\/wp\/v2\/pages\/903","targetHints":{"allow":["GET"]}}],"collection":[{"href":"https:\/\/recseg.com\/index.php?rest_route=\/wp\/v2\/pages"}],"about":[{"href":"https:\/\/recseg.com\/index.php?rest_route=\/wp\/v2\/types\/page"}],"author":[{"embeddable":true,"href":"https:\/\/recseg.com\/index.php?rest_route=\/wp\/v2\/users\/1"}],"replies":[{"embeddable":true,"href":"https:\/\/recseg.com\/index.php?rest_route=%2Fwp%2Fv2%2Fcomments&post=903"}],"version-history":[{"count":58,"href":"https:\/\/recseg.com\/index.php?rest_route=\/wp\/v2\/pages\/903\/revisions"}],"predecessor-version":[{"id":973,"href":"https:\/\/recseg.com\/index.php?rest_route=\/wp\/v2\/pages\/903\/revisions\/973"}],"wp:attachment":[{"href":"https:\/\/recseg.com\/index.php?rest_route=%2Fwp%2Fv2%2Fmedia&parent=903"}],"curies":[{"name":"wp","href":"https:\/\/api.w.org\/{rel}","templated":true}]}}